  {"id":52,"date":"2018-10-08T22:01:29","date_gmt":"2018-10-08T22:01:29","guid":{"rendered":"https:\/\/jupiterx.artbees.net\/megaclite\/?page_id=52"},"modified":"2026-05-06T10:10:10","modified_gmt":"2026-05-06T10:10:10","slug":"doma","status":"publish","type":"page","link":"http:\/\/www.fotoklub-maribor.si\/festival\/","title":{"rendered":"Festival"},"content":{"rendered":"<p><img loading=\"lazy\" decoding=\"async\" class=\"alignnone size-medium wp-image-2372 aligncenter\" src=\"http:\/\/www.fotoklub-maribor.si\/festival\/wp-content\/uploads\/sites\/4\/2026\/05\/XI.-FESTIVAL-LOGO_2026-300x180.jpg\" alt=\"\" width=\"300\" height=\"180\" srcset=\"http:\/\/www.fotoklub-maribor.si\/festival\/wp-content\/uploads\/sites\/4\/2026\/05\/XI.-FESTIVAL-LOGO_2026-300x180.jpg 300w, http:\/\/www.fotoklub-maribor.si\/festival\/wp-content\/uploads\/sites\/4\/2026\/05\/XI.-FESTIVAL-LOGO_2026-1024x614.jpg 1024w, http:\/\/www.fotoklub-maribor.si\/festival\/wp-content\/uploads\/sites\/4\/2026\/05\/XI.-FESTIVAL-LOGO_2026-768x461.jpg 768w, http:\/\/www.fotoklub-maribor.si\/festival\/wp-content\/uploads\/sites\/4\/2026\/05\/XI.-FESTIVAL-LOGO_2026-1536x922.jpg 1536w, http:\/\/www.fotoklub-maribor.si\/festival\/wp-content\/uploads\/sites\/4\/2026\/05\/XI.-FESTIVAL-LOGO_2026-2048x1229.jpg 2048w\" sizes=\"(max-width: 300px) 100vw, 300px\" \/><\/p>\n<h1><\/h1>\n<h1 style=\"text-align: center\"><strong>15.9. &#8211; 30.9.2025<\/strong><\/h1>\n<h1><\/h1>\n<h1 class=\"tm7\" style=\"text-align: center\"><strong><span class=\"tm8\">\u201c\u010cRNA FOTOGRAFIJA<\/span><span class=\"tm9\">\u201c<\/span><\/strong><\/h1>\n<p class=\"tm7\"><span class=\"tm8\">Kot izhodi\u0161\u010de leto\u0161nje edicije festivala se vra\u010damo k enemu najpomembnej\u0161ih in hkrati najdrznej\u0161ih poglavij slovenske fotografije, k fotografskemu gibanju, ki ga poznamo kot <\/span><strong><span class=\"tm9\">Mariborski krog<\/span><\/strong><span class=\"tm8\">.<\/span><\/p>\n<p><strong><span class=\"tm9\">Mariborski krog <\/span><\/strong><span class=\"tm8\">je v za\u010detku sedemdesetih let prej\u0161njega stoletja radikalno zarezal v prevladujo\u010de razumevanje fotografije. V \u010dasu, ko je bila cenjena predvsem \u201clepa\u201d, tehni\u010dno dovr\u0161ena in estetsko v\u0161e\u010dna podoba, so avtorji tega kroga obrnili pogled drugam, k robovom, k razpokam, k temu, kar je dru\u017eba potiskala na obrobje. Njihova fotografija ni iskala harmonije, temve\u010d resnico; ni poveli\u010devala idealizirane realnosti, temve\u010d je razkrivala njeno surovost.<\/span><\/p>\n<p><span class=\"tm8\">Namesto popolnosti je v ospredje stopila napaka. Namesto distance \u2013 neposrednost. Fotografija je postala prostor eti\u010dne in eksistencialne konfrontacije. V ospredju so se zna\u0161li robovi dru\u017ebe, depriviligirane in marginalizirane skupine, degradirani urbani in industrijski prostori, vsakdan brez olep\u0161evanja. Estetika nelepega ni bila provokacija zaradi provokacije, temve\u010d izraz \u010dasa in zavesti.<\/span><\/p>\n<p><span class=\"tm8\">Petdeset let kasneje se dru\u017ebene, estetske in tehnolo\u0161ke okoli\u0161\u010dine bistveno razlikujejo. A temeljna vpra\u0161anja ostajajo in so morda \u0161e ostrej\u0161a kot neko\u010d. Prav zato razpisujemo nate\u010daj, ki vzpostavlja dialog med preteklostjo in sedanjostjo.<\/span><\/p>\n<p><span class=\"tm8\">\u010crna fotografija\u00a0ni zgolj formalna odlo\u010ditev, temve\u010d zavestna redukcija. Je koncentracija pogleda. Je prostor, kjer svetloba razkrije razpoko, strukturo, gesto. <\/span><\/p>\n<p><a href=\"http:\/\/www.fotoklub-maribor.si\/festival\/wp-content\/uploads\/sites\/4\/2026\/05\/Razpis-Crna-fotografija-FFM26-2-1.pdf\">Razpis \u010crna fotografija FFM26-2<\/a><\/p>\n","protected":false},"excerpt":{"rendered":"<p>15.9. &#8211; 30.9.2025 \u201c\u010cRNA FOTOGRAFIJA\u201c Kot izhodi\u0161\u010de leto\u0161nje edicije festivala se vra\u010damo k enemu najpomembnej\u0161ih in hkrati najdrznej\u0161ih poglavij slovenske fotografije, k fotografskemu gibanju, ki ga poznamo kot Mariborski krog. Mariborski krog je v za\u010detku sedemdesetih let prej\u0161njega stoletja radikalno zarezal v prevladujo\u010de razumevanje fotografije. V \u010dasu, ko je bila cenjena predvsem \u201clepa\u201d, tehni\u010dno dovr\u0161ena [&hellip;]<\/p>\n","protected":false},"author":1,"featured_media":0,"parent":384,"menu_order":0,"comment_status":"closed","ping_status":"closed","template":"","meta":{"footnotes":""},"class_list":["post-52","page","type-page","status-publish","hentry"],"_links":{"self":[{"href":"http:\/\/www.fotoklub-maribor.si\/festival\/index.php?rest_route=\/wp\/v2\/pages\/52"}],"collection":[{"href":"http:\/\/www.fotoklub-maribor.si\/festival\/index.php?rest_route=\/wp\/v2\/pages"}],"about":[{"href":"http:\/\/www.fotoklub-maribor.si\/festival\/index.php?rest_route=\/wp\/v2\/types\/page"}],"author":[{"embeddable":true,"href":"http:\/\/www.fotoklub-maribor.si\/festival\/index.php?rest_route=\/wp\/v2\/users\/1"}],"replies":[{"embeddable":true,"href":"http:\/\/www.fotoklub-maribor.si\/festival\/index.php?rest_route=%2Fwp%2Fv2%2Fcomments&post=52"}],"version-history":[{"count":222,"href":"http:\/\/www.fotoklub-maribor.si\/festival\/index.php?rest_route=\/wp\/v2\/pages\/52\/revisions"}],"predecessor-version":[{"id":2409,"href":"http:\/\/www.fotoklub-maribor.si\/festival\/index.php?rest_route=\/wp\/v2\/pages\/52\/revisions\/2409"}],"up":[{"embeddable":true,"href":"http:\/\/www.fotoklub-maribor.si\/festival\/index.php?rest_route=\/wp\/v2\/pages\/384"}],"wp:attachment":[{"href":"http:\/\/www.fotoklub-maribor.si\/festival\/index.php?rest_route=%2Fwp%2Fv2%2Fmedia&parent=52"}],"curies":[{"name":"wp","href":"https:\/\/api.w.org\/{rel}","templated":true}]}}