  {"id":384,"date":"2019-12-22T16:35:22","date_gmt":"2019-12-22T16:35:22","guid":{"rendered":"http:\/\/www.fotoklub-maribor.si\/festival\/?page_id=384"},"modified":"2025-08-31T17:11:43","modified_gmt":"2025-08-31T17:11:43","slug":"o-festivalu","status":"publish","type":"page","link":"https:\/\/www.fotoklub-maribor.si\/festival\/?page_id=384","title":{"rendered":"O festivalu"},"content":{"rendered":"<p><img loading=\"lazy\" decoding=\"async\" src=\"http:\/\/www.fotoklub-maribor.si\/festival\/wp-content\/uploads\/sites\/4\/2025\/04\/X.-FESTIVAL-LOGO_2025_baner-podolzen-1024x307.png\" alt=\"\" width=\"1024\" height=\"307\" \/><\/p>\n<h1 style=\"text-align: center\"><\/h1>\n<h1 style=\"text-align: center\"><strong>13. &#8211; 30.9. 2025<\/strong><\/h1>\n<h2 style=\"font-family: -apple-system, BlinkMacSystemFont, 'Segoe UI', Roboto, 'Helvetica Neue', Arial, sans-serif, 'Apple Color Emoji', 'Segoe UI Emoji', 'Segoe UI Symbol';color: #212529\"><\/h2>\n<h2 style=\"font-family: -apple-system, BlinkMacSystemFont, 'Segoe UI', Roboto, 'Helvetica Neue', Arial, sans-serif, 'Apple Color Emoji', 'Segoe UI Emoji', 'Segoe UI Symbol';color: #212529\">10. jubilejnemu Festivalu fotografije Maribor\u00a0\u00a0na pot<\/h2>\n<p>Za\u010delo se je tako, kot se za\u010dne vedno: pa dajmo! In smo za\u010deli s \u0161tevilo 1, pred desetimi leti. Brez izku\u0161enj, brez sredstev, a z veliko volje. \u010clani\u00a0Fotokluba Maribor\u00a0smo stopili skupaj in konec oktobra smo samo lahko ugotovili: uspeli smo!<\/p>\n<p>Pod streho smo spravili, 1. Festival fotografije Maribor, z udele\u017eenci, ki so prihajali iz vrst Fotokluba Maribor. In kot so rekli obiskovalci, ni slabo, mi pa vemo, da bi lahko bilo bolj\u0161e. Najbolj pa je bilo\u00a0\u00a0pomembno to, da smo nabrali dragocene izku\u0161nje, ki smo jih v naslednjih letih nadgrajevali.<\/p>\n<p>Iz leta v leto je festival rastel, z vrhunskim naborom doma\u010dih in tujih fotografskih umetnikov, uveljavljenih doma in po svetu. Prihajali so iz razli\u010dnih de\u017eel, uporabljali razli\u010dne fotografske tehnike in prikazali razli\u010dne motive.\u00a0\u00a0In prav ta razli\u010dnost, je bila marsikateremu fotografu izziv, da kaj podobnega poskusi \u0161e sam, da nadgradi svoje znanje, da se poskusi v druga\u010dnih pogledih skozi fotografski objektiv.\u00a0\u00a0Kar pomeni, da je festival deloval kot vzpodbuda vsem, ki ljubijo slikovni zapis, pa naj so profesionalni ali amaterski fotografi ali pa samo mimoido\u010di ljubitelji dobrih fotografij, ki jih ustvarjajo s prenosnimi telefoni. In verjemite, teh ni bilo malo, saj je festival vsa leta potekal v 15- do 20-tih razstavi\u0161\u010dnih prostorih. Kar pomeni, da je bil obisk galerij izjemno velik.<\/p>\n<p>Glavno nagrado so nam seveda dali obiskovalci, tisti, zaradi katerih je prvenstveno ta festival nastal, takrat, ko so rekli; super, ne odnehajte! In nismo.<\/p>\n<p>In tako je pred vrati nov festival, repriza prvega. Z razliko, da smo malo starej\u0161i in za 10 festivalov izku\u0161enej\u0161i, da ne re\u010dem modrej\u0161i.<\/p>\n<p>Zakaj repriza? Zato, ker bodo tudi na tem festivalu sodelovali le \u010dlani Fotokluba Maribor. Zato, da na ogled postavijo svoja dela, da jih obiskovalci ocenijo, da lahko Maribor\u010dani in seveda tudi drugi vidijo, kak\u0161en je fotografski napredek \u010dlanov. Upam si zapisati, da je velik, seveda pa sprejemamo tudi kritike, saj vsake o\u010di vidijo druga\u010de, saj so percepcije vsakega gledalca druga\u010dne. Torej kritika, pa naj si bo pozitivna ali negativna je za\u017eelena, saj je le kritika tista, ki spreminja pot za naprej. \u017delimo si seveda kritike s konkretnim predlogom, kaj bi bilo potrebno spremeniti, kako je to mo\u010d narediti, in kako je \u00bbkritik\u00ab pripravljen pomagati pri uresni\u010devanju njegovih zamisli.<\/p>\n<p>Vsekakor pa, dobrodo\u0161li na vseh razstavah, vsaka zase je fotografski u\u010dni list. U\u017eivajte v prebiranju le tega.<\/p>\n<p>Vsem ostalim ljubiteljem svetlobopisa pa: pridru\u017eite se nam, skupaj bomo \u0161e mo\u010dnej\u0161i.<\/p>\n<p>Miha Kacafura EFIAP\/s<\/p>\n<p>podpredsednik FK Maribor<\/p>\n<p>&nbsp;<\/p>\n<p>&nbsp;<\/p>\n<p><img loading=\"lazy\" decoding=\"async\" class=\"alignnone size-full wp-image-1226\" src=\"http:\/\/www.fotoklub-maribor.si\/festival\/wp-content\/uploads\/sites\/4\/2021\/09\/LOGO-KLUBA-1936-1.jpg\" alt=\"\" width=\"130\" height=\"70\" \/><\/p>\n<p>&nbsp;<\/p>\n<p>&nbsp;<\/p>\n","protected":false},"excerpt":{"rendered":"<p>13. &#8211; 30.9. 2025 10. jubilejnemu Festivalu fotografije Maribor\u00a0\u00a0na pot Za\u010delo se je tako, kot se za\u010dne vedno: pa dajmo! In smo za\u010deli s \u0161tevilo 1, pred desetimi leti. Brez izku\u0161enj, brez sredstev, a z veliko volje. \u010clani\u00a0Fotokluba Maribor\u00a0smo stopili skupaj in konec oktobra smo samo lahko ugotovili: uspeli smo! Pod streho smo spravili, 1. [&hellip;]<\/p>\n","protected":false},"author":1,"featured_media":0,"parent":0,"menu_order":0,"comment_status":"closed","ping_status":"closed","template":"","meta":{"footnotes":""},"class_list":["post-384","page","type-page","status-publish","hentry"],"_links":{"self":[{"href":"https:\/\/www.fotoklub-maribor.si\/festival\/index.php?rest_route=\/wp\/v2\/pages\/384"}],"collection":[{"href":"https:\/\/www.fotoklub-maribor.si\/festival\/index.php?rest_route=\/wp\/v2\/pages"}],"about":[{"href":"https:\/\/www.fotoklub-maribor.si\/festival\/index.php?rest_route=\/wp\/v2\/types\/page"}],"author":[{"embeddable":true,"href":"https:\/\/www.fotoklub-maribor.si\/festival\/index.php?rest_route=\/wp\/v2\/users\/1"}],"replies":[{"embeddable":true,"href":"https:\/\/www.fotoklub-maribor.si\/festival\/index.php?rest_route=%2Fwp%2Fv2%2Fcomments&post=384"}],"version-history":[{"count":74,"href":"https:\/\/www.fotoklub-maribor.si\/festival\/index.php?rest_route=\/wp\/v2\/pages\/384\/revisions"}],"predecessor-version":[{"id":2348,"href":"https:\/\/www.fotoklub-maribor.si\/festival\/index.php?rest_route=\/wp\/v2\/pages\/384\/revisions\/2348"}],"wp:attachment":[{"href":"https:\/\/www.fotoklub-maribor.si\/festival\/index.php?rest_route=%2Fwp%2Fv2%2Fmedia&parent=384"}],"curies":[{"name":"wp","href":"https:\/\/api.w.org\/{rel}","templated":true}]}}

<p><img loading="lazy" decoding="async" src="http://www.fotoklub-maribor.si/festival/wp-content/uploads/sites/4/2025/04/X.-FESTIVAL-LOGO_2025_baner-podolzen-1024x307.png" alt="" width="1024" height="307" /></p>
<h1 style="text-align: center"></h1>
<h1 style="text-align: center"><strong>13. &#8211; 30.9. 2025</strong></h1>
<h2 style="font-family: -apple-system, BlinkMacSystemFont, 'Segoe UI', Roboto, 'Helvetica Neue', Arial, sans-serif, 'Apple Color Emoji', 'Segoe UI Emoji', 'Segoe UI Symbol';color: #212529"></h2>
<h2 style="font-family: -apple-system, BlinkMacSystemFont, 'Segoe UI', Roboto, 'Helvetica Neue', Arial, sans-serif, 'Apple Color Emoji', 'Segoe UI Emoji', 'Segoe UI Symbol';color: #212529">10. jubilejnemu Festivalu fotografije Maribor  na pot</h2>
<p>Začelo se je tako, kot se začne vedno: pa dajmo! In smo začeli s število 1, pred desetimi leti. Brez izkušenj, brez sredstev, a z veliko volje. Člani Fotokluba Maribor smo stopili skupaj in konec oktobra smo samo lahko ugotovili: uspeli smo!</p>
<p>Pod streho smo spravili, 1. Festival fotografije Maribor, z udeleženci, ki so prihajali iz vrst Fotokluba Maribor. In kot so rekli obiskovalci, ni slabo, mi pa vemo, da bi lahko bilo boljše. Najbolj pa je bilo  pomembno to, da smo nabrali dragocene izkušnje, ki smo jih v naslednjih letih nadgrajevali.</p>
<p>Iz leta v leto je festival rastel, z vrhunskim naborom domačih in tujih fotografskih umetnikov, uveljavljenih doma in po svetu. Prihajali so iz različnih dežel, uporabljali različne fotografske tehnike in prikazali različne motive.  In prav ta različnost, je bila marsikateremu fotografu izziv, da kaj podobnega poskusi še sam, da nadgradi svoje znanje, da se poskusi v drugačnih pogledih skozi fotografski objektiv.  Kar pomeni, da je festival deloval kot vzpodbuda vsem, ki ljubijo slikovni zapis, pa naj so profesionalni ali amaterski fotografi ali pa samo mimoidoči ljubitelji dobrih fotografij, ki jih ustvarjajo s prenosnimi telefoni. In verjemite, teh ni bilo malo, saj je festival vsa leta potekal v 15- do 20-tih razstaviščnih prostorih. Kar pomeni, da je bil obisk galerij izjemno velik.</p>
<p>Glavno nagrado so nam seveda dali obiskovalci, tisti, zaradi katerih je prvenstveno ta festival nastal, takrat, ko so rekli; super, ne odnehajte! In nismo.</p>
<p>In tako je pred vrati nov festival, repriza prvega. Z razliko, da smo malo starejši in za 10 festivalov izkušenejši, da ne rečem modrejši.</p>
<p>Zakaj repriza? Zato, ker bodo tudi na tem festivalu sodelovali le člani Fotokluba Maribor. Zato, da na ogled postavijo svoja dela, da jih obiskovalci ocenijo, da lahko Mariborčani in seveda tudi drugi vidijo, kakšen je fotografski napredek članov. Upam si zapisati, da je velik, seveda pa sprejemamo tudi kritike, saj vsake oči vidijo drugače, saj so percepcije vsakega gledalca drugačne. Torej kritika, pa naj si bo pozitivna ali negativna je zaželena, saj je le kritika tista, ki spreminja pot za naprej. Želimo si seveda kritike s konkretnim predlogom, kaj bi bilo potrebno spremeniti, kako je to moč narediti, in kako je »kritik« pripravljen pomagati pri uresničevanju njegovih zamisli.</p>
<p>Vsekakor pa, dobrodošli na vseh razstavah, vsaka zase je fotografski učni list. Uživajte v prebiranju le tega.</p>
<p>Vsem ostalim ljubiteljem svetlobopisa pa: pridružite se nam, skupaj bomo še močnejši.</p>
<p>Miha Kacafura EFIAP/s</p>
<p>podpredsednik FK Maribor</p>
<p>&nbsp;</p>
<p>&nbsp;</p>
<p><img loading="lazy" decoding="async" class="alignnone size-full wp-image-1226" src="http://www.fotoklub-maribor.si/festival/wp-content/uploads/sites/4/2021/09/LOGO-KLUBA-1936-1.jpg" alt="" width="130" height="70" /></p>
<p>&nbsp;</p>
<p>&nbsp;</p>

<p>13. &#8211; 30.9. 2025 10. jubilejnemu Festivalu fotografije Maribor  na pot Začelo se je tako, kot se začne vedno: pa dajmo! In smo začeli s število 1, pred desetimi leti. Brez izkušenj, brez sredstev, a z veliko volje. Člani Fotokluba Maribor smo stopili skupaj in konec oktobra smo samo lahko ugotovili: uspeli smo! Pod streho smo spravili, 1. [&hellip;]</p>
